
5
Calculate the greatest common divisor of 1776 and 36710068.
148
Calculate the highest common divisor of 37905 and 18814845.
1995
Calculate the greatest common divisor of 2580424 and 28952.
616
Calculate the greatest common factor of 32775183 and 819.
63
What is the greatest common divisor of 2984 and 25816076?
1492
Calculate the greatest common divisor of 174 and 1987055002.
58
Calculate the highest common divisor of 5131675 and 250.
25
What is the highest common divisor of 1955191 and 12173?
259
What is the greatest common divisor of 26832 and 3808467?
1677
Calculate the highest common divisor of 28636 and 1468.
4
Calculate the greatest common divisor of 7521048 and 4.
4
What is the greatest common factor of 6322 and 52867?
29
What is the greatest common factor of 6106280 and 5680?
40
What is the highest common divisor of 9120 and 61611072?
1824
What is the greatest common factor of 1358848930 and 34?
34
What is the highest common factor of 3667 and 3362392?
19
Calculate the highest common divisor of 2293232 and 232.
8
Calculate the highest common factor of 898976600 and 1164.
388
Calculate the highest common divisor of 4697 and 556381.
427
Calculate the highest common factor of 3392558 and 182.
26
What is the highest common factor of 35971464 and 3?
3
Calculate the highest common divisor of 337021597 and 11.
11
What is the greatest common divisor of 1488522 and 70272?
366
Calculate the greatest common divisor of 1019032626 and 519.
519
What is the greatest common factor of 22868360 and 810?
10
Calculate the greatest common divisor of 33593 and 84.
7
What is the highest common divisor of 8778 and 5683524?
462
What is the highest common divisor of 54112 and 1154953?
1691
What is the greatest common factor of 14674652 and 18956?
2708
What is the greatest common factor of 15009254 and 78?
26
What is the greatest common divisor of 152096 and 3549812?
2716
What is the greatest common divisor of 25522112 and 1309?
77
Calculate the highest common divisor of 45 and 11610261.
9
What is the highest common divisor of 115472366 and 3574?
3574
Calculate the greatest common factor of 12635 and 4609970.
1805
Calculate the highest common divisor of 234 and 839774.
26
What is the greatest common divisor of 20 and 88290695?
5
What is the greatest common factor of 111117054 and 342?
114
What is the highest common divisor of 6606778 and 127194?
1462
What is the greatest common factor of 256 and 45965344?
32
Calculate the greatest common factor of 115149 and 1582200.
879
What is the greatest common divisor of 816 and 19823952?
48
What is the greatest common divisor of 15700 and 40634740?
3140
Calculate the greatest common divisor of 315 and 5847120.
45
Calculate the highest common divisor of 74870137 and 2003.
2003
Calculate the highest common divisor of 47266 and 49.
1
What is the highest common factor of 6770 and 74138?
2
Calculate the greatest common factor of 161784504 and 423864.
14616
What is the highest common factor of 8784250 and 1375?
125
What is the greatest common divisor of 1400214 and 36951?
327
Calculate the highest common factor of 105565584 and 1104.
1104
Calculate the highest common divisor of 255575386 and 66.
22
What is the greatest common factor of 418907 and 823?
823
What is the greatest common factor of 57 and 43430903?
19
What is the greatest common factor of 447160 and 65408329?
11179
What is the greatest common divisor of 13888 and 2846016?
64
What is the greatest common factor of 2078 and 4803297?
1039
Calculate the greatest common factor of 40927488 and 6048.
672
What is the greatest common divisor of 564235 and 15745?
235
What is the greatest common divisor of 424978 and 72924?
206
Calculate the greatest common factor of 1400262 and 7266.
1038
Calculate the greatest common divisor of 8777 and 725409.
67
What is the greatest common divisor of 203462 and 161?
7
What is the highest common divisor of 1267 and 22401827?
1267
Calculate the greatest common divisor of 725 and 431665.
145
What is the highest common factor of 1290 and 54277395?
645
Calculate the highest common factor of 249117566 and 4.
2
What is the highest common factor of 14364 and 81358?
38
Calculate the greatest common factor of 527205 and 99435.
105
What is the highest common factor of 9581 and 103221339?
871
What is the highest common factor of 138333942 and 332?
166
Calculate the highest common factor of 1227621 and 663.
51
Calculate the greatest common divisor of 4002 and 184962.
174
Calculate the highest common factor of 2013576 and 305519.
1583
Calculate the greatest common divisor of 16 and 21893.
1
Calculate the greatest common divisor of 1979787 and 3699.
411
What is the highest common factor of 19476 and 5164386?
3246
Calculate the greatest common divisor of 2572334 and 163742.
5282
What is the highest common divisor of 8727415 and 11851?
1693
Calculate the greatest common divisor of 246880 and 3104.
32
What is the highest common divisor of 9 and 14890806?
9
What is the highest common divisor of 978 and 71464253?
163
Calculate the highest common divisor of 70536420 and 1350.
270
What is the greatest common factor of 32423514 and 6063?
141
What is the greatest common factor of 494 and 2976194?
26
What is the greatest common factor of 210584 and 179432?
88
Calculate the highest common factor of 5729 and 79245887.
337
What is the highest common factor of 11424391 and 614?
307
What is the highest common factor of 2526 and 28596846?
2526
Calculate the greatest common factor of 8847553 and 17303.
143
Calculate the highest common divisor of 933 and 388209.
3
Calculate the highest common divisor of 1998 and 22458519.
999
What is the highest common divisor of 710512510 and 3602?
3602
Calculate the greatest common factor of 192 and 10079024.
16
What is the greatest common divisor of 782257 and 2135?
7
Calculate the highest common factor of 20985686 and 1394.
82
What is the greatest common divisor of 1259 and 25?
1
What is the highest common divisor of 3321046806 and 42?
42
Calculate the highest common factor of 429 and 372799999.
143
What is the greatest common divisor of 220401 and 97049?
907
What is the highest common factor of 53887683 and 11936?
373
Calculate the greatest common divisor of 21612 and 235236.
12
Calculate the highest common factor of 224 and 312854752.
224
What is the greatest common factor of 750107 and 124?
31
Calculate the highest common factor of 2211 and 633402.
33
Calculate the greatest common factor of 93 and 178749.
3
What is the highest common factor of 54012 and 88648?
28
What is the highest common factor of 786 and 71479626?
786
Calculate the highest common factor of 2687144062 and 61.
61
Calculate the greatest common factor of 4756461 and 1174.
587
What is the highest common factor of 162530541 and 19?
19
What is the greatest common factor of 76260 and 4404?
12
What is the highest common divisor of 11124 and 34515918?
1854
Calculate the highest common factor of 4267 and 1009681.
17
What is the greatest common divisor of 1379248308 and 549?
549
What is the greatest common factor of 13226 and 5326966?
778
Calculate the highest common factor of 5940755570 and 13990.
13990
Calculate the greatest common divisor of 33459 and 1515.
3
Calculate the greatest common factor of 3945 and 950165085.
3945
What is the greatest common factor of 20667244 and 4823?
689
Calculate the highest common divisor of 960114 and 706.
2
What is the highest common factor of 285808 and 20456?
8
Calculate the highest common divisor of 102368 and 64840531.
3199
Calculate the highest common factor of 11400 and 184376.
152
Calculate the highest common factor of 3859 and 9826603.
227
Calculate the highest common divisor of 808 and 12954866.
202
Calculate the highest common divisor of 2619930 and 2622.
138
Calculate the highest common divisor of 224 and 8165808.
112
Calculate the greatest common divisor of 525690 and 6105.
165
Calculate the highest common divisor of 15344297 and 72697.
523
What is the greatest common divisor of 27133414 and 385?
77
Calculate the highest common divisor of 7998 and 315890.
62
Calculate the greatest common divisor of 80649 and 46426014.
2781
Calculate the highest common divisor of 15022602 and 33.
3
What is the greatest common divisor of 515